 w.
47
Let l be (-572184)/(-198) + 6/33. What is the highest common factor of 544 and l?
34
Suppose 95*u + 87*u + 28*u - 50820 = 0. What is the greatest common factor of 803 and u?
11
Suppose 4*m = -3 + 151. Suppose m*a = 48*a - 176. Suppose 0 = 4*p + h - 76, 4*p + 2*h - 12 = 3*p. Calculate the highest common divisor of a and p.
4
Suppose 185*h - 181*h = -4*s + 29836, h = -2. Calculate the greatest common divisor of 9 and s.
9
Suppose 0 = 2*y - 10*y + 24. Suppose -3 = b - 4*b - y*a, 0 = b + 2*a - 2. Suppose b = -q + 4 + 12. What is the greatest common factor of q and 128?
16
Suppose n + 5*f = -0*n + 23, 0 = -2*n + f - 9. Let p be (8/4)/((-5)/(-47 - n)). Calculate the highest common factor of 99 and p.
9
Let s(i) = -i**3 + 46*i**2 + 6*i - 123. Let p be s(46). Let b be (1 + 2 + -2)*17. What is the highest common factor of b and p?
17
Let r be (-752)/2 + 2 - 4/(-2). Let w = -281 - r. Calculate the greatest common factor of w and 52.
13
Let r = -19969 + 20003. What is the greatest common factor of r and 122?
2
Suppose 3*b = z + 310, -129 + 454 = 3*b + 2*z. What is the highest common divisor of 483 and b?
21
Suppose 891 = 4*b - 3*d, 0 = 2*b - 0*b + 4*d - 462. Let u = 117 + -99. Calculate the highest common factor of u and b.
9
Suppose -k + 25 = r, 143 = 5*k - 25*r + 27*r. Calculate the greatest common factor of k and 2263.
31
Let l(h) = -h**3 - 6*h**2 + 4*h + 6. Let v be l(-5). Let i = -225 + 239. Let y be 2 + i*v/(-6) - 3. What is the highest common divisor of y and 10?
10
Suppose -4*a = -3*h + 2*h + 37, 0 = -4*a - 20. Suppose 23 - h = -2*d. Let v be -1 + 9 + 0 + (-3)/d. Calculate the highest common divisor of v and 18.
9
Suppose 18*p - 65*p - 78 = -877. What is the greatest common factor of p and 527?
17
Let z = 184 - 158. Let u = 18 + -13. Suppose -5*b + 2*j + 1036 = 0, -3*b - u*j = -861 + 227. What is the highest common divisor of b and z?
26
Let q = 625 + -624. Suppose g - 14 = -2*z, 4*g + 8 = -0. What is the greatest common divisor of q and z?
1
Let l = -82 + 82. Let b be ((-3)/(l - -9))/(4/(-2244)). What is the greatest common divisor of 17 and b?
17
Suppose 0 = -49*j + 1177 + 544 + 337. Calculate the highest common factor of 483 and j.
21
Let h = -3050 + 6356. What is the highest common divisor of 29 and h?
29
Suppose -6 = 2*l - 5*a, -l - 5*a = 4*l - 20. Suppose -2*g - l*q = -62, -5*q + 61 + 10 = 2*g. What is the highest common divisor of 154 and g?
14
Let t(b) = -11*b**2 - 285*b - 30. Let z be t(-23). What is the greatest common factor of z and 2?
2
Suppose 0 = -5*w + 2*f - 3*f + 620, 0 = -w + 5*f + 150. Let s be (-4)/(395/(-15) - -9) - 647/(-13). Calculate the highest common divisor of s and w.
25
Suppose 4*b = 5*b - 5*a - 43, -2*a + 2 = 0. Suppose -b = 26*k - 32*k. What is the highest common divisor of k and 104?
8
Suppose -f - 3*j - 3 = 0, 2*f - 50*j = -53*j. Suppose f*w = -168 + 456. Calculate the greatest common divisor of 72 and w.
24
Let o(v) = -748*v - 2494. Let y be o(-4). What is the highest common factor of y and 5146?
166
Let n be (40/6)/(26/156). What is the highest common divisor of n and 1180?
20
Let o = 1076 - 948. What is the greatest common divisor of o and 488?
8
Let b(t) = t**3 - 3*t**2 - 24*t - 7. Let n be b(7). Let p be 444/10 - n/(-35). Suppose -450 = -8*c + 3*c. Calculate the greatest common factor of p and c.
45
Let x be 16356/(-42) + 15/35. Let i = -354 - x. Calculate the highest common factor of i and 10.
5
Let n(j) = -j**2 + 2. Let v(p) = -52*p**2 - 5*p + 11. Let g(z) = 4*n(z) - v(z). Let w be g(1). Calculate the greatest common divisor of w and 175.
25
Suppose 2*k + 160 = 7*k. Let c be 4/(-3*1/(-27)). Let x = c - -12. Calculate the highest common divisor of k and x.
16
Let f be 69 - (0 + 6 - 11). Let j = -56 + f. What is the greatest common divisor of j and 36?
18
Let d = 16 + -13. Let p be (-1 + 26)*(0 - -1 - 0). Let h be (-5)/p - (-498)/15. Calculate the greatest common factor of h and d.
3
Suppose 0 = -18*y - 1050 + 2616. Calculate the highest common factor of y and 9.
3
Suppose -7*y + 4*y = 4*i - 161, 2*i = 3*y - 149. Let j be (-132 + -7 + 3)*-1. What is the greatest common divisor of j and y?
17
Let r(d) = -323*d - 1243. Let j be r(-11). What is the highest common divisor of 6 and j?
6
Suppose 0 = 88*r - 94*r + 54. Let d be (2/(-7))/(r/3465*-5). Calculate the greatest common divisor of d and 77.
11
Suppose -4*a + 3*f = -f - 168, 4*f = -8. Let o = 351 + -303. Calculate the highest common factor of o and a.
8
Let s = -2667 + 2671. Calculate the greatest common factor of 4 and s.
4
Let u(q) = 4*q - 5. Let x be u(2). Let g be -2*30*(x + 0)/(-12). Calculate the highest common divisor of g and 75.
15
Suppose 6 = -i + v + 2*v, 0 = -4*i + 2*v + 26. Let b(k) = -k**2 - 8*k. Let c be b(-6). What is the highest common factor of i and c?
3
Suppose -80*l + 2427 = 3*z - 83*l, -2*z - 4*l = -1636. What is the greatest common divisor of z and 348?
116
Suppose -2675 + 17789 = 257*u - 2619. What is the highest common divisor of 33 and u?
3
Let a = -5 + 13. Let f be (612/(-119))/(-9)*126. Calculate the highest common factor of a and f.
8
Let b = -3827 - -4502. What is the highest common divisor of 162 and b?
27
Suppose -49 - 59 = 4*i - 40*i. Suppose -3*z + 187 = 5*r, 127 = 4*z - 2*z + r. Suppose -i*h = h - z. What is the highest common divisor of 16 and h?
16
Let t(n) = -224*n**3 - 2*n**2 + n - 6. Let g be t(-2). What is the greatest common divisor of 740 and g?
148
Let s(y) = -12*y - 4. Let q be s(-9). Suppose 0 = 13*m - 48 + 25320. Let o be 42/525 + m/(-75). Calculate the greatest common divisor of o and q.
26
Suppose n + 7*k = 9*k + 179, 4*n - 651 = -5*k. Suppose n = -26*x + 1209. Calculate the highest common factor of 32 and x.
8
Suppose -4*x - 2 = -3*x. Let c be -4 - x*(5/(-5) + 22). What is the highest common factor of 2 and c?
2
Suppose -25*z = -29*z + 1688. Let b be 10/(-55) + (4 - z/(-22)). Calculate the highest common divisor of b and 138.
23
Suppose 0 = -5*b - q + 232, b - 5*q + 80 = 2*b. Calculate the greatest common divisor of 243 and b.
9
Suppose 3*i = 3*b + 198, 4*i + 3 = 3*b + 265. What is the greatest common factor of i and 784?
16
Let r(d) = 3*d**3 - 82*d**2 - 41*d - 75. Let z be r(28). Calculate the highest common divisor of 920 and z.
115
Let x(v) = 4*v**3 - 9*v**2 - 11*v + 5. Let t be x(7). Let o = -587 + t. What is the greatest common factor of 16 and o?
16
Let k = -17 - -23. Suppose -24*q + k = -21*q. Suppose -q*p = -8 - 58. Calculate the greatest common factor of 22 and p.
11
Let z(w) = 2*w + 65. Suppose 0 = -3*c - 3, -y + 3*c + 3 = -14. Let b be z(y). What is the highest common divisor of b and 31?
31
Let f = -3470 + 3600. Calculate the greatest common factor of f and 640.
10
Suppose -11*z - 4 + 26 = 0. Let k be 1 + ((-2)/4)/(z/(-4)). Suppose 0*n = -n - q + 33, n = k*q + 42. Calculate the highest common factor of 60 and n.
12
Let c = -220 - -231. Let w = c - -12. What is the highest common divisor of w and 23?
23
Suppose 18*s - 16*s - 210 = -10. Calculate the highest common factor of s and 1675.
25
Let u(w) = 2*w**2 + 2*w + 1. Let v be u(2). Suppose -8*j = -v*j + 210. Calculate the highest common factor of 14 and j.
14
Let b = -213 + -147. Let l = 464 + b. What is the highest common divisor of l and 260?
52
Suppose -5*t + 150 = 5*c, 1 + 2 = -t. Let r(o) = -o**3 - 4*o**2 + o + 15. Suppose 15*g + 39 = -6. Let j be r(g). What is the greatest common divisor of c and j?
3
Suppose -11*h - 120 = -318. Suppose 21*p = 30*p - h. What is the greatest common factor of p and 25?
1
Let d(a) = -3*a**2 - 28*a - 11. Let h be d(-7). Let r = -201 + 410. Calculate the highest common divisor of h and r.
19
Let r = 5 - 3. Suppose -17*t = -0*t - 170. Let f be ((-72)/(-15))/6 + 172/t. What is the highest common divisor of f and r?
2
Let x be 1152/672 - 5/(-35)*2. Let l = -56 - -114. What is the greatest common divisor of l and x?
2
Suppose -2*m - 1 = -3*m, -245 = -2*l + 3*m. What is the highest common factor of l and 961?
31
Suppose 4*h = 2*d + 112, 0 = h + h + d - 48. Let l = -51534 - -51638. Calculate the highest common factor of h and l.
26
Let h be (-1 - 12)/((-19)/38). Let k be (238 + h)*2/4. What is the highest common factor of 6 and k?
6
Suppose 9*i = 65 + 34. Let h = -183 - -227. Calculate the greatest common div